et t(y) = -y**2 - 19*y - 49. Calculate the remainder when 2/4 + (-149)/(-2) is divided by t(-11).
36
Let m be 340/(-5) + (-2)/((-2)/3). Let d = m - -110. Calculate the remainder when 88 is divided by d.
43
Let v be (-4916)/(-16) - 3/12. Suppose 0 = -5*a + v - 17. Suppose 4*y - 70 = -5*m, -m + 0*m - a = -4*y. What is the remainder when 27 is divided by y?
12
Let i be 2/(-5) - (-15)/(-25). Let y(j) = 27*j - 46*j + 0 - 1. Calculate the remainder when y(i) is divided by 5.
3
Let t be (-3 - (-36)/16)*(-6 + 2). Suppose 4*q + t*a - 4 = -a, 4*a + 8 = -q. What is the remainder when q is divided by 2?
0
Suppose 56 = 5*w - 9. Calculate the remainder when w is divided by (-1)/1 + -2 + 7.
1
Let d = 4 + -1. What is the remainder when ((-8)/(-32))/((-11)/(-132)) is divided by d?
0
Let q = 41 + -41. Suppose 0 = -b + i + 24, 4*b + q*b + 4*i - 112 = 0. What is the remainder when b is divided by 10?
6
Let t = 17 + -6. Let g = -14 + t. Calculate the remainder when 50 is divided by (9/g)/(15/(-65)).
11
Let y(a) = -8*a + 5. Let v(l) = -4*l - 2. What is the remainder when y(-10) is divided by v(-6)?
19
Suppose 114*s - 112*s - 68 = 0. Calculate the remainder when 509 is divided by s.
33
Suppose -4*t - 4*y = -3*y - 6, -4*y = 4*t. Suppose 0 = -3*s - f + 110, 5*f - 141 = -5*s + 29. Let h = 40 - s. Calculate the remainder when h is divided by t.
0
Suppose -j = -2*t - 21, -5*j - t + 127 = -0*j. Calculate the remainder when j is divided by 8.
1
Let w = 469 + -383. What is the remainder when w is divided by 44?
42
Suppose 7*k - 3*k - 20 = 0. Suppose 380 = a - 4*g, -k*a + g - 4*g = -1854. Suppose 10*x = 6*x + a. Calculate the remainder when x is divided by 24.
21
Let v be (-6)/10*(-7 + 2) + 1. Suppose -5*n + 125 = -3*r, -n + 25 = r - v*r. Calculate the remainder when 172 is divided by n.
22
Suppose 96 = 4*f - 0*f. Let g(p) = -16 - 32921*p**2 - 3*p**3 - 13 + 32917*p**2 - 10*p. Calculate the remainder when g(-3) is divided by f.
22
Let g(s) be the third derivative of s**4/12 + s**3/6 - 2*s**2. Let j(p) = 2*p + 2. Let q(d) = -5*g(d) + 4*j(d). What is the remainder when q(0) is divided by 3?
0
Suppose -4*q + o + 38 = 0, 4*o - 7 = -q + 3*o. Suppose -q*u + 6*u = -309. What is the remainder when u is divided by 21?
19
Suppose 0 = 7*g - 140 - 14. Suppose -5*h = -g - 3. Suppose 289 = 4*q - 3*c, -2*q + 134 = h*c - 3*c. Calculate the remainder when q is divided by 24.
22
Suppose 5*s - 7*s + 46 = -4*j, 5*s - 2*j - 75 = 0. Suppose f - 21 = -2*y + y, f - 33 = -5*y. What is the remainder when f is divided by s?
5
What is the remainder when (-40)/140 - 900/(-14) is divided by 29?
6
What is the remainder when -1*(-76 - (-2)/((-2)/1)) is divided by 13?
12
What is the remainder when (1 + 0 + -574)*(-35 + 34) is divided by 41?
40
Suppose 0 = 2*w + 5*g - 23, 5*w - 37 - 73 = -2*g. What is the remainder when 114 is divided by w?
18
Let h = 103 - 83. What is the remainder when 54 is divided by h?
14
Suppose -6*n + 8*n = 12. Suppose 0 = -5*v - n - 4, -2*v = -2*x + 16. Let o(q) = 2*q - 10. Calculate the remainder when o(x) is divided by 2.
0
Let v(y) = 8*y + 18. Let w = 12 - 8. Let u(z) = -3*z - 6. Let b(d) = w*v(d) + 11*u(d). What is the remainder when 33 is divided by b(-6)?
9
Suppose 234 = -47*m + 610. Calculate the remainder when 174 is divided by m.
6
Suppose 0 = -59*p + 67*p - 408. What is the remainder when p is divided by 16?
3
Let y(i) = -i + 24. Let w be (3/(-6))/(2/(-20)). Suppose 5*c + 2*z = 3*z + 44, -3*c = -w*z - 22. Calculate the remainder when 26 is divided by y(c).
11
Let q = 1 + -3. Calculate the remainder when 58/(-4)*(-6 - -4) is divided by (-32)/q + 0/10.
13
Let u(i) = -i**3 + 6*i**2 + 13*i - 12. Let z be u(8). Let v = -23 - z. Calculate the remainder when 22 is divided by v.
9
Let i = -97 - -100. Let t(l) = 27*l**2 - 2*l + 1. What is the remainder when t(i) is divided by 24?
22
Suppose 4*u - 5*c = -4*c, 0 = -u + 5*c. Suppose o + 0*o - 65 = u. Calculate the remainder when o is divided by 34.
31
Let z(i) = 2*i**2 + 67*i + 42. What is the remainder when z(-33) is divided by 0/(2 - -1) + 8?
1
Let t(w) = -22*w**2 + 2*w - 2. Let f be t(1). Let k = f - -35. Calculate the remainder when 37 is divided by k.
11
Let n = -287 + 402. Suppose -5*b + n = -0*b. Calculate the remainder when 67 is divided by b.
21
Let x = -29 - -69. Calculate the remainder when 275 is divided by x.
35
Let y(q) = 5*q**2 + 69*q - 16. Calculate the remainder when y(-15) is divided by 43.
31
Let l = -127 + 127. Suppose -9*d + 62 + 82 = l. What is the remainder when 237 is divided by d?
13
Suppose 3*z - 72 = z. Let y be (-48)/(-27) + 8/z. Suppose 4*c - 52 = y*w, -2*c + 3*w + 10 = -8. What is the remainder when 29 is divided by c?
14
Let x(k) = -k**2 - 11*k + 15. Let v be x(-12). Suppose -2*q - v = -7. Suppose q*c + 605 = 7*c. Calculate the remainder when c is divided by 31.
28
Let n = 48 + 64. Suppose n = 17*z - 16*z. What is the remainder when z is divided by 30?
22
Suppose -5*u = -2*v - 80, u = -v - 3*v + 16. Let q be 78/5 + 3/(-5). Suppose 0 = -q*f + 14*f + 6. What is the remainder when u is divided by f?
4
Suppose -5*a + 2*d = 20, -2*d + 4 = -2*a + a. Calculate the remainder when -26*(26/(-4) - a) is divided by ((-17)/(-2))/(1/2).
14
Suppose -2*s + 3*q = 18, 4*s = -3*q - 2*q + 8. Suppose 5*c - 12 = -2. Calculate the remainder when c is divided by -4*(s/12 - 0).
0
Let c(v) = 2*v**2 + 12*v - 3. Let m be c(-7). Let r = m + 14. Calculate the remainder when 98 is divided by r.
23
Suppose -235 = -8*p + 3*p. Suppose 0*m = -3*m + 72. Calculate the remainder when p is divided by m*(-3)/(-18)*4.
15
Suppose -2*l + 0*l + 44 = 0. Suppose g + 13 = 3*i, 3*g - 2*g - l = -4*i. Suppose 0*t - g*t = -90. Calculate the remainder when t is divided by 12.
9
Let m = -58 - -58. Suppose -9*c - c + 80 = m. What is the remainder when 38 is divided by c?
6
Suppose 0*o - 7 = o. Let i(v) be the second derivative of -v**3/3 - 5*v**2/2 - v. What is the remainder when 26 is divided by i(o)?
8
Let j(l) = 171*l**3 - l**2 - l + 1. What is the remainder when j(1) is divided by 152/(-20)*2/(-4)*180/12?
56
Suppose 3*z = 2*z - 4. Suppose -2*k - 54 = -5*l, 5*k - 804 + 764 = 0. Calculate the remainder when l is divided by z/(1/((-1)/1)).
2
Let q = -6 - -8. Let m(u) = 5*u. Calculate the remainder when 4*514/56 + 4/14 is divided by m(q).
7
Suppose 2*p + 11 = 3*p - 2*s, -3*p - 5*s = 0. Suppose -2*a + r = -32, -64 = -3*a + 4*r - 26. What is the remainder when a is divided by p?
3
Suppose -2*w = -s - 0*s - 45, -w + 4*s = -26. Suppose -5*k = -3 - w. Suppose 4*q + 25 = k*q. Calculate the remainder when 49 is divided by q.
24
Suppose -a + 7 - 2 = 0. Calculate the remainder when 45 is divided by (-2)/5 - (-122)/a.
21
Let i(q) = 240*q**2 - 10*q - 3. What is the remainder when i(-2) is divided by 98?
95
Let q = 121 - 103. What is the remainder when 123 is divided by q?
15
Let x be 0 + (0 - 3) - -9. Let g(m) = 0*m + 5*m - 12 + 4*m + m**2. Calculate the remainder when g(x) is divided by 20.
18
Suppose -15*h - 64 = -379. Let u(i) = -3*i. Calculate the remainder when h is divided by u(-3).
3
Let o = -23 - -51. Let f = o + -8. Calculate the remainder when f is divided by 11.
9
Suppose -4387 = -4*r - 211. Calculate the remainder when r is divided by 19.
18
Let z(h) = -8*h + 2. Calculate the remainder when z(-1) is divided by 4.
2
Suppose -63 = -3*f - 3*k, 5*f - 5*k = 3*f + 7. Suppose -41*a - 109 = -314. Calculate the remainder when f is divided by a.
1
Suppose -406 = -2*h + 5*g, -3*h + 0*h + 604 = -5*g. Suppose -h = -4*u - 2*a, 9*u - 4*u + a - 240 = 0. Calculate the remainder when u is divided by 16.
15
Let v = 29 + -23. Suppose v*h = 43 + 71. Calculate the remainder when h is divided by 7.
5
Let a be (14 - 25)*-2*1. Let n = 14 + a. What is the remainder when n is divided by 14?
8
Let i = -98 - -109. Suppose 3*p - 3 = 3*h, p - 8 = -p + 4*h. Calculate the remainder when (p/2)/(2/(-152)) is divided by i.
10
Suppose -12*z + 8*z = -180. Suppose z*m + 46 = 47*m. What is the remainder when 43 is divided by m?
20
Let r = 26 - -50. What is the remainder when r is divided by 23?
7
Suppose 3*p + 88 = 4*i, p - 6*p + 45 = i. What is the remainder when 16 - (-3)/((-15)/i) is divided by 6?
5
Let k = -19 + 17. What is the remainder when 47 is divided by k + 17 + ((-2)/(-2) - 4)?
11
